ors of 3831125?
5, 30649
What are the prime factors of 3545236?
2, 307, 2887
List the prime factors of 3035280.
2, 3, 5, 12647
List the prime factors of 2830670.
2, 5, 17, 16651
What are the prime factors of 698376?
2, 3, 7, 4157
What are the prime factors of 7982578?
2, 3991289
List the prime factors of 322834.
2, 31, 41, 127
List the prime factors of 72485.
5, 7, 19, 109
What are the prime factors of 131878?
2, 233, 283
What are the prime factors of 3442152?
2, 3, 7, 2927
List the prime factors of 15288218.
2, 11, 694919
List the prime factors of 361429.
31, 89, 131
What are the prime factors of 7243509?
3, 7, 13, 157
List the prime factors of 4142286.
2, 3, 79, 971
List the prime factors of 8294238.
2, 3, 51199
What are the prime factors of 60765?
3, 5, 4051
What are the prime factors of 25112079?
3, 930077
What are the prime factors of 1463688?
2, 3, 29, 701
What are the prime factors of 2952622?
2, 1476311
What are the prime factors of 322096?
2, 41, 491
What are the prime factors of 5746246?
2, 11, 19, 59, 233
What are the prime factors of 222686?
2, 23, 47, 103
List the prime factors of 23807449.
137, 173777
List the prime factors of 376369.
7, 7681
List the prime factors of 265337.
265337
What are the prime factors of 10607266?
2, 5303633
What are the prime factors of 2178580?
2, 5, 108929
List the prime factors of 64582.
2, 7, 659
List the prime factors of 11533579.
541, 21319
What are the prime factors of 29815701?
3, 647, 15361
What are the prime factors of 605694?
2, 3, 29, 59
List the prime factors of 1802240.
2, 5, 11
What are the prime factors of 1294089?
3, 431363
What are the prime factors of 217455?
3, 5, 7, 19, 109
What are the prime factors of 340628?
2, 31, 41, 67
What are the prime factors of 34081047?
3, 7, 11, 13, 97
List the prime factors of 185437.
7, 59, 449
List the prime factors of 4628427.
3, 67, 23027
List the prime factors of 308121.
3, 11, 9337
What are the prime factors of 2621186?
2, 337, 3889
List the prime factors of 296598.
2, 3, 49433
List the prime factors of 1411403.
7, 201629
What are the prime factors of 2486462?
2, 11, 113021
What are the prime factors of 965312?
2, 15083
List the prime factors of 234946.
2, 79, 1487
What are the prime factors of 104051?
67, 1553
What are the prime factors of 4744024?
2, 593003
What are the prime factors of 4154373?
3, 79, 5843
List the prime factors of 82683.
3, 9187
What are the prime factors of 314285?
5, 239, 263
List the prime factors of 258966.
2, 3, 14387
What are the prime factors of 741785?
5, 11, 13487
List the prime factors of 9568293.
3, 7, 41, 11113
List the prime factors of 2114026.
2, 1057013
What are the prime factors of 24429761?
24429761
What are the prime factors of 1973385?
3, 5, 43853
List the prime factors of 3361751.
3361751
What are the prime factors of 291274?
2, 145637
List the prime factors of 14015749.
11, 19, 67061
What are the prime factors of 5489742?
2, 3, 17, 107, 503
What are the prime factors of 7972170?
2, 3, 5, 265739
List the prime factors of 40170.
2, 3, 5, 13, 103
List the prime factors of 78965.
5, 17, 929
What are the prime factors of 1029253?
47, 61, 359
List the prime factors of 911531.
613, 1487
What are the prime factors of 1202827?
1202827
What are the prime factors of 12623803?
23, 548861
List the prime factors of 232388.
2, 13, 41, 109
What are the prime factors of 175811?
175811
What are the prime factors of 1231281?
3, 563
List the prime factors of 10952670.
2, 3, 5, 365089
What are the prime factors of 1028477?
311, 3307
What are the prime factors of 1573902?
2, 3, 11, 7949
What are the prime factors of 97690?
2, 5, 9769
List the prime factors of 164022.
2, 3, 27337
List the prime factors of 604542.
2, 3, 19, 5303
List the prime factors of 1941869.
29, 2309
What are the prime factors of 532631?
11, 41, 1181
List the prime factors of 8545.
5, 1709
What are the prime factors of 12310168?
2, 13, 41, 2887
What are the prime factors of 98726?
2, 49363
What are the prime factors of 532190?
2, 5, 19, 2801
What are the prime factors of 420071?
19, 22109
What are the prime factors of 2322173?
7, 331739
What are the prime factors of 783450?
2, 3, 5, 1741
What are the prime factors of 1586406?
2, 3, 17, 103, 151
List the prime factors of 273995.
5, 54799
List the prime factors of 283897.
73, 3889
What are the prime factors of 828345?
3, 5, 7, 23
List the prime factors of 650359.
650359
List the prime factors of 3514171.
1171, 3001
What are the prime factors of 20942331?
3, 6980777
What are the prime factors of 163024?
2, 23, 443
What are the prime factors of 284766?
2, 3, 31, 1531
What are the prime factors of 127300?
2, 5, 19, 67
List the prime factors of 358410.
2, 3, 5, 13, 919
List the prime factors of 778677.
3, 19, 719
List the prime factors of 29136.
2, 3, 607
List the prime factors of 24667260.
2, 3, 5, 53, 7757
What are the prime factors of 7546192?
2, 19, 103, 241
List the prime factors of 814146.
2, 3, 29, 4679
What are the prime factors of 5159563?
41, 61, 2063
List the prime factors of 4946578.
2, 7, 13, 27179
What are the prime factors of 705189?
3, 313, 751
List the prime factors of 26447504.
2, 457, 3617
List the prime factors of 3586951.
3586951
What are the prime factors of 9656361?
3, 11, 13, 41, 61
List the prime factors of 1602165.
3, 5, 17, 61, 103
What are the prime factors of 807876?
2, 3, 22441
List the prime factors of 16672492.
2, 4168123
List the prime factors of 4539142.
2, 23, 101, 977
What are the prime factors of 908456?
2, 113557
What are the prime factors of 279586?
2, 43, 3251
List the prime factors of 250752.
2, 3, 653
What are the prime factors of 2296861?
7, 41, 53, 151
What are the prime factors of 762446?
2, 381223
What are the prime factors of 15043059?
3, 1671451
List the prime factors of 3164957.
3164957
What are the prime factors of 14441204?
2, 3610301
What are the prime factors of 10118085?
3, 5, 631, 1069
What are the prime factors of 9467691?
3, 17, 185641
What are the prime factors of 262902?
2, 3, 43, 1019
What are the prime factors of 403?
13, 31
What are the prime factors of 25191?
3, 311
What are the prime factors of 6885936?
2, 3, 47819
List the prime factors of 668050.
2, 5, 31, 431
What are the prime factors of 1143956?
2, 11, 25999
What are the prime factors of 12778292?
2, 3194573
List the prime factors of 9008917.
977, 9221
What are the prime factors of 867035?
5, 13, 13339
List the prime factors of 1781746.
2, 443, 2011
List the prime factors of 202919.
131, 1549
List the prime factors of 4149531.
3, 461059
List the prime factors of 2836635.
3, 5, 29, 6521
What are the prime factors of 608418?
2, 3, 19, 593
What are the prime factors of 14311579?
19, 139, 5419
What are the prime factors of 8154168?
2, 3, 11, 67, 461
What are the prime factors of 296370?
2, 3, 5, 37, 89
List the prime factors of 46997.
46997
What are the prime factors of 2641404?
2, 3, 43, 5119
List the prime factors of 1434764.
2, 358691
What are the prime factors of 3277341?
3, 13487
What are the prime factors of 895364?
2, 223841
List the prime factors of 626110.
2, 5, 17, 29, 127
What are the prime factors of 291568?
2, 18223
List the prime factors of 43745.
5, 13, 673
List the prime factors of 42833.
7, 29, 211
List the prime factors of 543467.
23, 23629
List the prime factors of 1746123.
3, 127, 4583
List the prime factors of 172930.
2, 5, 17293
List the prime factors of 436274.
2, 218137
List the prime factors of 1867944.
2, 3, 13, 5987
What are the prime factors of 409781?
409781
What are the prime factors of 265003?
265003
List the prime factors of 393998.
2, 11, 17909
List the prime factors of 6368177.
6368177
What are the prime factors of 337043?
7, 89, 541
List the prime factors of 14404809.
3, 4801603
List the prime factors of 636412.
2, 7, 17, 191
List the prime factors of 3440947.
3440947
What are the prime factors of 73020?
2, 3, 5, 1217
List the prime factors of 2915415.
3, 5, 17, 37, 103
What are the prime factors of 305709?
3, 181, 563
What are the prime factors of 6216638?
2, 3108319
What are the prime factors of 1340679?
3, 446893
What are the prime factors of 2273029?
11, 206639
List the prime factors of 17722010.
2, 5, 1772201
What are the prime factors of 5677072?
2, 199, 1